 is c(12)?
-321
Let q(o) = 11*o**2 - 7475*o + 80904. Give q(11).
10
Let c(k) = 3*k**2 - 597*k + 20826. Calculate c(154).
36
Let p(x) = 14*x**3. Give p(-2).
-112
Let o(h) = 360*h + 35947. Calculate o(-100).
-53
Let c(o) = -33*o**3 + 462*o**2 - 4*o + 52. Determine c(14).
-4
Let i(g) = -437*g - 24582. What is i(-56)?
-110
Let y(t) = 3477*t - 97471. Calculate y(28).
-115
Let j(y) = 1214*y - 99574. Calculate j(82).
-26
Let h(q) = 7*q**2 + 4107*q + 356698. What is h(-106)?
8
Let h(t) = -t**3 + 96*t**2 + 1670*t - 499. Calculate h(111).
56
Let m(p) = 3818*p - 83950. Give m(22).
46
Let m(w) = 2*w**3 - 32*w**2 - 176*w - 27. Determine m(19).
-1205
Let h(b) = 2*b**3 - 114*b**2 - b + 434. Give h(0).
434
Let m(p) = -2*p**2 + 55*p + 40001. Give m(156).
-91
Let n(q) = q**2 - 46476*q - 511384. Give n(-11).
-27
Let m(l) = 8*l**2 - 1296*l + 41525. Calculate m(118).
-11
Let p(h) = -560*h - 53041. Determine p(-95).
159
Let v(f) = 49*f**3 - 54*f**2 - 92*f + 23. Give v(-2).
-401
Let j(y) = 81*y**2 - 2185*y - 74. Give j(27).
-20
Let h(j) = 1123*j + 43803. What is h(-39)?
6
Let d(u) = -25*u**2 + 453*u + 206. Calculate d(18).
260
Let w(t) = 16*t**2 - 125*t + 61. Give w(7).
-30
Let t(r) = -r**2 + 99477*r - 10. Determine t(0).
-10
Let f(v) = -8*v**2 + 10641*v + 127345. Determine f(-12).
-1499
Let z(i) = -i**2 - 1377*i + 45481. Give z(32).
393
Let q(u) = u**3 - 50*u**2 + 557*u + 385. Calculate q(31).
-607
Let h(c) = 2*c**3 + 3*c**2 - 82*c + 214. Give h(3).
49
Let z(o) = -4*o**3 + 40*o**2 + 272*o - 672. Determine z(14).
0
Let l(m) = -3*m**2 + 3668*m - 169297. What is l(48)?
-145
Let f(n) = 3*n**3 - 544*n**2 - 16605*n - 7285. Calculate f(208).
-5
Let d(r) = 13*r**3 + 217*r**2 + 157*r + 125. Determine d(-16).
-83
Let m(h) = -348*h - 4429. Determine m(-10).
-949
Let m(d) = -d**2 - 1971*d - 48436. Calculate m(-25).
214
Let x(r) = 156*r**3 - r**2 + 2*r + 16. What is x(0)?
16
Let r(h) = -26*h + 1925. Calculate r(73).
27
Let w(m) = 28237*m + 15. What is w(0)?
15
Let f(t) = 5*t**3 - 45*t**2 + 98*t + 448. Determine f(-5).
-1792
Let x(c) = -20267*c + 283778. What is x(14)?
40
Let f(l) = -l**3 + 50*l**2 - 11*l + 788. Calculate f(50).
238
Let n(r) = 130589*r - 1697876. Determine n(13).
-219
Let g(o) = -o**3 - 21*o**2 + 256*o - 1753. What is g(10)?
-2293
Let v(w) = -2*w**2 + 119*w + 977. Determine v(67).
-28
Let p(a) = 11*a**2 - 1901*a - 308. Determine p(173).
38
Let c(b) = -b**3 - 9*b**2 + 49*b + 210. Give c(-4).
-66
Let m(a) = -2614*a**2 + 399941*a + 152. Calculate m(153).
-1
Let x(k) = 12*k**3 + 2304*k**2 + 5*k + 1054. Determine x(-192).
94
Let j(h) = -h**2 - 3504*h + 62. Give j(0).
62
Let v(j) = -57*j - 3491. What is v(-57)?
-242
Let q(h) = -h**3 + 347*h**2 + 2822*h - 741288. Calculate q(349).
-12
Let n(w) = 2*w**3 - 21*w**2 + 536*w - 2408. Calculate n(5).
-3
Let h(b) = -b**3 - 102*b**2 - 407*b - 41500. Determine h(-102).
14
Let y(k) = -439918*k - 4. What is y(0)?
-4
Let f(w) = 17990*w - 90261. Determine f(5).
-311
Let v(m) = -32513*m + 1690679. What is v(52)?
3
Let h(p) = p**3 + 203*p**2 + 5139*p + 16156. Give h(-174).
-26
Let q(i) = -3*i**3 + 10*i**2 + 21*i + 5. Determine q(-6).
887
Let p(s) = -384*s - 6257. Give p(-12).
-1649
Let v(y) = 3*y**2 - 3263*y + 115920. What is v(36)?
2340
Let c(l) = -l**3 + 263*l + 3. What is c(-16)?
-109
Let u(g) = -280*g - 11739. Determine u(-42).
21
Let f(q) = -87*q**2 + 11403*q - 682. Determine f(131).
104
Let x(m) = -5*m**3 + 36*m**2 + 56*m + 173. What is x(9)?
-52
Let i(t) = 12321*t + 12377. Determine i(-1).
56
Let o(f) = -3948*f - 1559440. Give o(-395).
20
Let l(s) = 2*s**3 + 38*s**2 + 601*s + 3563. Determine l(-10).
-647
Let f(v) = -24359*v - 341038. Determine f(-14).
-12
Let k(n) = 5*n**3 - 466*n**2 + 228*n - 12510. What is k(93)?
45
Let n(s) = 334*s + 29705. Calculate n(-89).
-21
Let h(z) = -35*z**3 - 7*z**2 + 33*z - 78. Determine h(4).
-2298
Let p(o) = 21*o**2 + 169*o + 156. What is p(-7)?
2
Let x(i) = 369*i**2 - 586*i - 590. Give x(-1).
365
Let j(t) = 10622*t + 393014. Give j(-37).
0
Let n(x) = x**2 + 1012*x + 102382. What is n(-114)?
10
Let h(t) = -43*t**2 + 607*t - 118. What is h(14)?
-48
Let m(r) = r**3 + 349*r**2 + 19571*r + 11450. Calculate m(-279).
11
Let v(m) = -255*m**2 + 6837*m - 137. Calculate v(27).
-1433
Let i(v) = -v**3 + 6*v**2 + 1488*v - 4485. Determine i(3).
6
Let d(x) = 111866*x - 223676. What is d(2)?
56
Let x(i) = -1502*i + 12028. What is x(7)?
1514
Let c(k) = 2*k**3 - 11*k**2 - 111*k - 244. Give c(-6).
-406
Let a(v) = 3*v**3 + 260*v**2 + 2606*v + 260298. Give a(-88).
-6
Let m(g) = -598*g + 63997. Calculate m(107).
11
Let b(x) = -428*x + 289329. What is b(676)?
1
Let w(x) = -170257*x + 1532320. Determine w(9).
7
Let z(s) = -34726*s - 69423. What is z(-2)?
29
Let a(b) = -1091*b**2 + 3272*b + 5. Determine a(3).
2
Let l(p) = -11142*p - 1637883. Give l(-147).
-9
Let p(k) = 17446*k - 2896089. Give p(166).
-53
Let d(s) = -39*s**3 - 4*s**2 - 864*s + 867. Calculate d(1).
-40
Let k(u) = 5*u**2 + 1082*u - 5408. Calculate k(-221).
-325
Let u(s) = -s**3 - 3068*s**2 + 9212*s - 1. Determine u(3).
-4
Let r(t) = t**2 - 5622*t - 163347. What is r(-29)?
532
Let y(o) = 2*o**2 + 5392*o + 1301385. Determine y(-268).
-23
Let r(o) = 3*o**2 - 701*o - 5478. Determine r(241).
-176
Let p(s) = -799*s**2 - 39955*s - 251. Calculate p(-50).
-1
Let f(s) = -s**3 - 56*s**2 - 16*s - 4484. What is f(-57)?
-323
Let g(d) = 16*d**3 + 9*d**2 + 150*d + 604. Calculate g(-4).
-876
Let s(f) = -f**3 - 2918*f**2 - 34872*f + 2. What is s(-12)?
2
Let u(w) = 10376*w - 3289179. What is u(317)?
13
Let w(d) = 197*d + 42904. Determine w(-218).
-42
Let l(c) = -32*c**2 + 237*c + 167. What is l(8)?
15
Let g(l) = -l**3 + 256*l**2 + 536*l - 4726. What is g(258)?
434
Let f(b) = -49*b**2 + 49*b - 42. Determine f(1).
-42
Let t(l) = -l**3 - 24*l**2 - 24*l + 650. Calculate t(-21).
-169
Let p(y) = -y**2 - 661*y - 52. Determine p(0).
-52
Let a(k) = k**2 + 499*k + 14529. Determine a(-30).
459
Let p(w) = -394*w - 25707. Calculate p(-65).
-97
Let j(k) = k**3 - 20*k**2 - 455*k + 177. Calculate j(-14).
-117
Let k(b) = 255*b - 24993. Give k(98).
-3
Let c(a) = 321*a**3 - 38194*a**2 - 593*a - 212. Calculate c(119).
26
Let l(v) = 514*v**2 - 5103*v - 30. Calculate l(10).
340
Let m(i) = 9*i**3 + 1837*i**2 - 1503*i + 28073. Calculate m(-205).
-12
Let l(t) = 6*t**2 - 1662*t - 360349. Give l(420).
11
Let z(f) = 31*f**2 - 12117*f - 24237. What is z(-2)?
121
Let b(w) = w**3 + 20*w**2 - 29809*w + 118881. Determine b(4).
29
Let j(d) = -438*d - 79047. Give j(-181).
231
Let c(t) = -t**2 - 222*t + 5776. Give c(24).
-128
Let g(r) = -20*r**3 - 138*r**2 - 6*r + 18. Determine g(-7).
158
Let y(i) = -16300*i - 2200511. Give y(-135).
-11
Let x(p) = 47459*p**2 + 189824*p - 2. Give x(-4).
46
Let q(z) = -15*z**3 - 26*z**2 - 55*z + 33. What is q(-3)?
369
Let b(d) = -d**3 - 105*d**2 - 100*d + 1124. Give b(-104).
708
Let h(l) = -22474*l + 202274. Give h(9).
8
Let t(q) = 72*q**2 - 5607*q + 5602. Calculate t(1).
67
Let w(u) = 1363*u - 406167. Calculate w(298).
7
Let x(p) = 1261*p - 2525. Determine x(2).
-3
Let g(v) = -1630*v + 11160. What is g(7)?
-250
Let t(u) = -14*u**3 - 212*u**2 - 832*u - 5. Calculate t(-4).
827
Let f(u) = 7*u**3 - 5*u**2 - 121*u - 634. Determine f(-5).
-1029
Let k(l) = 6851*l - 1411346. Determine k(206).
-40
Let b(u) = 52*u**2 + 105*u - 122. Give b(3).
661
Let g(f) = -1462*f + 127175. Determine g(87).
-19
Let p(h) = -968*h**2 + 353*h + 4. Give p(1).
-611
Let z(h) = -h**3 + 26*h**2 + 8111*h + 139. Give z(104).
35
Let x(a) = 2103*a + 2076. Calculate x(-1).
-27
Let t(z) = 381*z + 43865. Give t(-116).
-331
Let k(b) = 12*b**3 - 38*b**2 + 66*b - 209. Determine k(3).
-29
Let n(i) = -34*i**2 + 29*i + 277. Give n(-9).
-2738
Let k(z) = 2*z**2 + 7278*z + 94299. Determine k(-13).
23
Let x(z) = -844*z**2 + 3500*z - 80. What is x(4)?
416
Let z(n) = n**3 - 136*n**2 - 3*n + 408. What is z(136)?
0
Let p(c) = -132*c**2 + 79*c + 217. Give p(-1).
6
Let q(c) = 347*c - 4968. Give q(14).
-110
Let f(q) = -108*q**3 - 8*q**2 - 13*q - 6. Give f(-1).
107
Let i(d) = d**3 + 139*d**2 + 554*d + 742. Determine i(-135).
-1148
Let l(d) = 50*d**2 - 4717*d - 4717. Calculate l(-1).
50
Let l(b) = -2*b**3 + 167*b**2 + 121*b - 92. Determine l(84).
3016
Let i(p) = -p**2 + 1888*p + 18979. Determine i(-10).
-1
Let y(w) = 10*w**3 + 37*w**